ivided by l.
3
Let w be 1/(-4) - (-27)/12. Suppose 0 = q - 7 + w. Suppose q*x - x = -2*s + 72, 0 = 4*s - 8. What is the remainder when 50 is divided by x?
16
Suppose 2*f + 4*p - 24 = 0, 0 = -5*f - 0*f + 2*p + 12. Suppose -s = -2*v + 22 + 24, -f*s - 2*v - 214 = 0. What is the remainder when 7 is divided by 2/5 - s/20?
1
Suppose -v + i - 8 = 0, -20 = 3*v - 2*i + i. Let r = 25 + v. Calculate the remainder when r is divided by 7.
5
Let g(v) = v**2 - 10*v + 28. Calculate the remainder when 113 is divided by g(9).
18
Let y(g) = 3*g**2 + 3*g + 3. Let n(s) = -2*s + 10. Let r be n(6). What is the remainder when 16 is divided by y(r)?
7
Let y(c) = -3*c**2 - 1. Let r be y(1). Let i be (-36 - 0) + (-14)/(-7). Calculate the remainder when 32 is divided by (i/r)/((-3)/(-6)).
15
Suppose -2*y + 4 = -4*x, 0 + 1 = x. Calculate the remainder when y is divided by 2.
0
Let f = -8 + 20. Calculate the remainder when 32 is divided by f.
8
Suppose 0*o + 2*o + 10 = 0. Let l(x) = x**3 + 7*x**2 + 2*x - 4. Let a be l(o). Let c = a - -4. Calculate the remainder when c is divided by 14.
12
Suppose -4*f - 6 = -6*f. What is the remainder when 6 is divided by f?
0
Let j be 15/6*(-6 + 4). Calculate the remainder when j - -2 - (-17 - 1) is divided by 6.
3
Suppose -2*n + n + 31 = m, -4*m + 4*n = -108. What is the remainder when m is divided by 11?
7
Suppose 0 = -4*c + 8. Let t = -1 - -6. Calculate the remainder when t is divided by c.
1
Suppose 1 = w - 16. What is the remainder when w is divided by 10?
7
Suppose 2*g = 2 - 8. Let n(t) = -14*t**3 - t**2 - 2*t. What is the remainder when 6/9 + (-79)/g is divided by n(-1)?
12
Let u be 37/2 - 2/4. Suppose k + b - u = 0, 4*b - 91 = -9*k + 4*k. Suppose 5*z = x - 37, 0*z = -4*z. Calculate the remainder when x is divided by k.
18
Let v = 49 + -29. Calculate the remainder when 58 is divided by v.
18
Let h be 3 - (1 + -2 + -57). Let t = h + -16. Calculate the remainder when t is divided by 12.
9
Let k be 7 + 3/(-6)*4. Suppose -6*b + 2*b + 2*u + 14 = 0, -5*b - 5*u = k. What is the remainder when 5 is divided by b?
1
Suppose -7*c + 128 + 194 = 0. Calculate the remainder when c is divided by 12.
10
Let i(c) = -5*c + 2. Calculate the remainder when 108 is divided by i(-4).
20
What is the remainder when 16 is divided by -1 + 4 + (-1 - (-4 + 0))?
4
Let l(i) be the first derivative of 3*i**2/2 + 3*i - 3. Calculate the remainder when l(8) is divided by 15.
12
Suppose 3*i - 14 = 3*t + 46, -i + 20 = -3*t. What is the remainder when 40 is divided by (-85)/(-4) + (-5)/i?
19
Let t = 25 + 13. What is the remainder when t is divided by 13?
12
Suppose -36 = -0*d - 3*d. Let q(f) = -2*f**3 + 3*f**2 - 2*f - 2. Let k be q(2). Let n = 17 + k. What is the remainder when d is divided by n?
5
Let p(n) = -n**3 + 2*n**2 + 2*n - 1. Let t be p(3). Let x = t + 17. Calculate the remainder when 24 is divided by x.
11
Let o = -24 - -49. What is the remainder when 74 is divided by o?
24
Suppose -i + 2*i - 13 = 0. Suppose -i - 5 = -3*g. What is the remainder when 22 is divided by g?
4
What is the remainder when 58 is divided by (17/(-51))/((-1)/18)?
4
Let g = 3 + -5. Let v = 1 - g. Suppose 3*w = -w + 28. Calculate the remainder when w is divided by v.
1
Let i(t) = t**3 + 5*t**2 - t - 7. Let b(l) = -l**2 + l - 2. Let q be b(0). Calculate the remainder when 0 + 35 + (-4)/q is divided by i(-4).
11
Suppose 0 = r + 3*r - 56. Let h = -18 + 38. Let n = -12 + h. What is the remainder when r is divided by n?
6
Let k = -6 - -4. Suppose -4*m + 188 = 5*d - 2*m, -2*d - 3*m = -73. What is the remainder when d is divided by k/(-2*(-1)/(-13))?
12
Let i = 284 + 42. What is the remainder when i is divided by 47?
44
Let w(m) = -8*m + 1 - 8*m + 3*m. Suppose -2*z - 20 = -l, 3*l - 2*l + 2*z = 32. Calculate the remainder when l is divided by w(-1).
12
Let l(i) = -i**3 + 6*i**2 + 5*i + 6. Let f be l(-4). Suppose 0 = -3*u - 3*z + f - 47, 3*u - 3*z = 87. What is the remainder when u is divided by 16?
15
Let l = 194 - 128. What is the remainder when l is divided by 23?
20
Let w be ((-20)/8)/(2/(-4)). Suppose 4*p - 74 = 2*v - 14, -2*p - 5*v + 18 = 0. Calculate the remainder when 3/w + (-1834)/(-35) is divided by p.
11
Let i(a) = -5*a + 9. Let u(l) = -3*l + 5. Let p(h) = 4*i(h) - 7*u(h). Let k be p(4). Suppose 3*w - 14 = -k. Calculate the remainder when 4 is divided by w.
1
Let s(a) = 6*a**2 + 5*a + 2. Calculate the remainder when s(-3) is divided by 4 + 2 + 8 + 0.
13
Let n = 124 + -113. What is the remainder when 20 is divided by n?
9
Let s(q) = q + 2. Let y(o) = o**2 - o - 2. Calculate the remainder when s(6) is divided by y(-2).
0
Suppose 2*u - 8 = 8. Suppose -b + 4*k + 19 = 0, -3*k = -0*k + 15. Calculate the remainder when 32 is divided by 3*(u/3 - b).
10
Suppose 35 = p + 3*c, 0 = p - c - 33 - 14. Let k = -25 + p. What is the remainder when k is divided by 7?
5
Let u = 1 - -3. Suppose -u*s + 0*w = -2*w - 52, 3*s = 2*w + 40. Calculate the remainder when 21 is divided by s.
9
Let q(b) = -b**3 + 6*b**2 - 3. Let a be q(4). Suppose 5*y - 4*v - 14 = a, -4*y + 38 = -5*v. What is the remainder when 13 is divided by y?
6
Let z = 52 - 76. What is the remainder when 37 is divided by z/(-3)*25/10?
17
Suppose 3*i - 161 = -4*i. What is the remainder when 44 is divided by i?
21
Let y = 65 + -32. Let i = -29 + y. What is the remainder when 5 is divided by i?
1
What is the remainder when 13 is divided by (4 + 12/(-4))*7?
6
What is the remainder when 48 is divided by (-14 - (-1 + 0))*(-4)/4?
9
What is the remainder when 16 is divided by 6*-1*(-9)/6?
7
Let f(i) = i**2 + 3*i - 6. Suppose c - 2 - 1 = 0. Suppose -63 = -8*q + c*q + 3*x, -q + x + 13 = 0. What is the remainder when f(4) is divided by q?
10
Let y(g) = 5 + g**2 + 3*g + 0 + 2*g**2 - 2*g**2. What is the remainder when 58 is divided by y(-5)?
13
Suppose 0 = i + 3, -4*i - 5 = -f + 2*f. Suppose -11 = -0*s - s. Calculate the remainder when s is divided by f.
4
Let m(v) = v**2 - 11*v - 7. What is the remainder when m(15) is divided by (-4)/14 - 400/(-28)?
11
Suppose -5*r - 2*j + 0*j + 39 = 0, -9 = -2*r - 3*j. What is the remainder when 34 is divided by r?
7
Let b = 52 + -30. Calculate the remainder when 42 is divided by b.
20
Suppose 2*j - 52 + 2 = 0. Calculate the remainder when 49 is divided by j.
24
Let w = -5 - -3. What is the remainder when 23 is divided by 4/w + 6 + 2?
5
Suppose 3*j - 5 = -2*t, 0*t = 3*j + 5*t + 1. Suppose j*x - 56 = -x. Calculate the remainder when (10/4 - 2)*x is divided by 3.
1
Suppose 3*x = -k, 0 = -4*k - 2*x + 3*x + 13. What is the remainder when 10 is divided by k?
1
What is the remainder when 69 is divided by -20*((-11)/5 - -1)?
21
Let l(a) = -2*a. Let r(b) = -b**2 - b + 4. What is the remainder when r(0) is divided by l(-1)?
0
Suppose -20 - 20 = -4*a. Let v = a - 2. Suppose 3*x + w + v = 26, -5*w = 3*x - 18. Calculate the remainder when 11 is divided by x.
5
Suppose 130 = -5*o + 10. Let b = -13 - o. Suppose -33 = -3*x + 5*f, -2*f - 6 = -0*f. Calculate the remainder when b is divided by x.
5
Let f(q) = q + 33. Let m be f(0). Suppose -5*t + 4*j + 14 + m = 0, 20 = 2*t - 2*j. Let w(k) = k**2 - 4*k - 4. Calculate the remainder when w(t) is divided by 6.
5
Let r = -5 - -14. Calculate the remainder when 25 is divided by r.
7
Let k(z) = 21*z + 1. What is the remainder when k(5) is divided by 27?
25
Let a(s) = s**3 - 10*s**2 + 14*s - 13. What is the remainder when a(9) is divided by 9?
5
Suppose -19 = 3*u + 53. Let x = u - -35. Suppose 3 - x = -2*b. What is the remainder when 11 is divided by b?
3
What is the remainder when (-70)/(-5) - (-1 - -1) is divided by 9?
5
Suppose 5*y + 0*w - 3*w + 32 = 0, 2*y + 3*w = 4. Let d(z) = -9*z - 6. What is the remainder when d(y) is divided by 16?
14
Let g(k) = 2*k**2 - 3*k + 4. Suppose -x - 30 = -6*x. Let m(t) = 3*t**2 + 2*t - 1. What is the remainder when g(x) is divided by m(2)?
13
Let m be 4 - 0 - (0 + -1). Let t = 8 - m. Suppose -t*g + 44 = g. What is the remainder when 32 is divided by g?
10
Let z(m) = 2*m**3 + m**2 - m + 1. Let c be z(1). Suppose 4*a - w - 3*w + 20 = 0, c*a + 8 = -4*w. What is the remainder when 2/a + 98/4 is divided by 13?
11
Let y = -119 + 235. Suppose -3*x + 17 = y. Let l = 47 + x. What is the remainder when 39 is divided by l?
11
Suppose 0*a - a + 104 = 4*n, -2*n = -5*a - 52.